is divided by s?
7
Suppose 3*s + 4*q = 859 - 788, 0 = 3*s - q - 76. What is the remainder when 971 is divided by s?
21
Let d = -19 - -29. Let o(n) = 4*n - 2*n + d - n. What is the remainder when 50 is divided by o(8)?
14
Let y = 33 - 12. Let u be (31 - -2) + (-2 - -6). What is the remainder when u - (-1)/1 - 0/2 is divided by y?
17
Suppose -3*d = w - 380, -4*d + 5*w = -523 + 10. Suppose -121 - d = -4*b - 4*n, b - 3*n = 78. Calculate the remainder when b is divided by 23.
20
Suppose 2*j - 14 - 4 = 0. Let d(t) = -899*t + 10976. What is the remainder when d(12) is divided by j?
8
Let j = -58 + 81. Calculate the remainder when -33*((-208)/(-6))/(-13) is divided by j.
19
Let x(v) = 80*v - 68. Let i = -287 + 290. What is the remainder when x(i) is divided by (-2)/8 - 282/(-8)?
32
Let r = 153047 + -153043. Let g(z) = 8*z**2 - 3. Calculate the remainder when g(-4) is divided by r.
1
Suppose 0 = -2*j + 4*k + 2730, -2196 + 9016 = 5*j - 5*k. Calculate the remainder when j is divided by 38.
33
Let t = -220 + 212. Calculate the remainder when 386 is divided by 3 - (2 + -70 + t).
70
Let r(b) = 2*b**3 - 25*b**2 + 70*b - 184. What is the remainder when r(14) is divided by 7?
5
Let q = 150 + -54. Calculate the remainder when q is divided by -38 + 7440/200 + (-44)/(-5) + -1.
5
Suppose 0*g = -80*g + 1360. Let r = 3 + 81. Calculate the remainder when r is divided by g.
16
Let r(s) = s**3 + 10*s**2 - 2*s - 4. Suppose 2*i = 4*o + 66, -48 = -2*i + 5*o + 19. What is the remainder when i is divided by r(-10)?
15
Let z = 63 + -99. Let q be z/8 + -2 + 3/2. Let v(s) = -16*s - 17. Calculate the remainder when v(q) is divided by 22.
19
Suppose 7947 + 1465 = -26*x. Let z = -346 - x. What is the remainder when 29 is divided by z?
13
What is the remainder when (153/15 - 11)/(12/(-14910)) is divided by 166?
164
Let k(x) = 15*x**3 - x**2 + 3*x - 2. Suppose -5*i = 9 - 79. Suppose -i*a + 513 + 523 = 0. Calculate the remainder when a is divided by k(1).
14
Suppose -4*z + 230 = -5*v, -9*z = -5*z + 5*v - 210. Suppose f - 3*f = -38. What is the remainder when z is divided by f?
17
Suppose -16*y = 9*y - 3000. What is the remainder when (21/(-4))/(-5 - (-591)/y) is divided by 9?
7
Suppose 2*h = -2 - 14. Calculate the remainder when 217 is divided by h/36 - (-400)/18.
19
Suppose -193 = -4*y + 115. What is the remainder when y is divided by 0 - 462/28*3*4/(-6)?
11
Let m(g) = -g**2 + 4*g - 4. Let z be m(7). Let o(n) = -n**2 - n - 12. Let s be o(0). Let i = s - z. What is the remainder when 24 is divided by i?
11
Let s(l) = -2*l - 3. Let t(p) = -2*p**3 + 5*p**2 - 5*p + 1. Let m be t(2). Let z = -176 + 187. Calculate the remainder when z is divided by s(m).
4
Let z(h) = -2*h**3 - 46*h**2 + 83*h - 381. Calculate the remainder when 2170 is divided by z(-25).
14
Let g = 445 - 433. Suppose g*c = 10*c + 170. Suppose -2*j + 14 = -30. Calculate the remainder when c is divided by j.
19
Suppose -5*h = 1264 - 4214. Suppose 73*x + h = 78*x. What is the remainder when x is divided by 36?
10
Let b = -29 + 77. Let u = b + -32. What is the remainder when 157 is divided by u?
13
Suppose -11*s + 186 = -210. Let p = s - -26. Calculate the remainder when p is divided by 7.
6
Let c = -26157 - -26169. Calculate the remainder when 3848 is divided by c.
8
Suppose -u = -2*t - 955, 3*t = 3*u + 1396 - 4264. Calculate the remainder when u is divided by 329.
299
Let o(k) = -18941*k + 18946*k - 43 + 242. Calculate the remainder when 32 is divided by o(-37).
4
Let u = -1538 + 1649. Calculate the remainder when u is divided by 20.
11
Let b = -5349 - -6487. What is the remainder when b is divided by 67?
66
Let u(r) = -11*r**3 + 4*r**2 + 25*r - 41. Let n(j) = 6*j**3 - 2*j**2 - 13*j + 20. Let q(y) = -5*n(y) - 3*u(y). What is the remainder when 88 is divided by q(2)?
12
Suppose 0 = -18*v + 17*v + 83. What is the remainder when 94424/296 - 6/4*-4 is divided by v?
76
Suppose -b + 140 = 3*b. Calculate the remainder when 8/(-5)*(-11385)/66 is divided by b.
31
Let d be (3 - -3) + 159 + -12. Suppose 5*y + 11 = 3*x - d, 5*x + y - 236 = 0. Calculate the remainder when x is divided by 25.
23
Suppose -a = 6*a. Let j be -1 + 1 - a - (0 + -5). Suppose -137 = -4*r + j*k, 32 = r - 5*k + 3*k. What is the remainder when r is divided by 8?
6
Let m = 183 - -573. Let l = -671 + m. What is the remainder when 253 is divided by l?
83
Let j(n) = n**3 + 2*n**2 + 2*n - 29. Suppose 27*o - 92 = 4*o. What is the remainder when j(o) is divided by 20?
15
Let n(f) = 12*f**2 - 14 + 5 + 20*f - f**3 - 18. What is the remainder when n(13) is divided by 17?
13
Let k = -76 - -31. Let m = k + 131. What is the remainder when m is divided by 30*(3 + (-5)/2)?
11
Let o be (16/24)/((-2)/(-201)). Let y = 264 - o. Suppose -33 + y = 2*n. What is the remainder when n is divided by 17?
14
Suppose 4*a + 5*z - 2070 = 0, -643 - 391 = -2*a - 2*z. Let f = a - 448. What is the remainder when f is divided by 24?
19
Let s(h) = -2*h. Let a = 129 + -107. Suppose 276 = a*b - 10*b. What is the remainder when b is divided by s(-6)?
11
Suppose 0 = m - 4*n - 95, 3*n = 33 - 18. What is the remainder when m is divided by 53?
9
Suppose 0 = 2*p + u - 45, 21*p - 2*u - 70 = 17*p. What is the remainder when 7918 is divided by p?
18
Let f = 8349 - 8325. What is the remainder when 364 is divided by f?
4
Let l be (370224/44)/4 + (-42)/77. Suppose 11*x + 387 - l = 0. Calculate the remainder when x is divided by 78.
0
Suppose -523 = -55*b - 72*b + 12050. What is the remainder when 1064 is divided by b?
74
Let b(k) = -4*k + 59. Let s be b(14). What is the remainder when 84 is divided by (6 + (-260)/(-30))*1*s?
40
Suppose -11 - 37 = t. Suppose -5*c - 5*n - 80 + 345 = 0, -4*n + 162 = 3*c. Let k = c + t. What is the remainder when 6 is divided by k?
0
Suppose -207*s = -315*s + 30996. Calculate the remainder when s is divided by 230.
57
Let r = -123 - -224. Let c = -78 + r. Suppose 25*n - 66 = c*n. Calculate the remainder when n is divided by 6.
3
Suppose v = l - 354, -l - 30*v + 368 = -33*v. What is the remainder when 385 is divided by l?
38
Let y = 27152 + -19289. Calculate the remainder when y is divided by 114.
111
Let u be (4 - (-57)/(-12)) + 729/(-36). Let a = 42 + u. What is the remainder when 113 is divided by a?
8
Let x(a) be the third derivative of 14*a**5/15 - a**4/4 - 7*a**3/3 - 14*a**2. Calculate the remainder when x(-2) is divided by 38.
32
Suppose -15416 = -307*r + 49054. Calculate the remainder when 1019 is divided by r.
179
Let a be (-3 - 1)/(806/270 + -3). Suppose -18*f = -8*f - a. Suppose 0*w + 428 = 4*w. Calculate the remainder when w is divided by f.
26
Suppose 4*f + 5*z - 111 = 0, 0 = f - 2*z - 3 - 28. Let x = -27 + f. Suppose -2*p = -0*p - 18. Calculate the remainder when p is divided by x.
1
Suppose 0*w = -2*w + 18. Let y(f) = f**2 - 4*f + 6. Suppose -17*u + 18*u - 3 = 0. What is the remainder when w is divided by y(u)?
0
Let q(b) = -2*b**2 + 9*b + 2. Let u be q(5). Let j = 17 + u. What is the remainder when 37 is divided by j?
9
Let t(a) = -2*a**3 - 66*a**2 - 134*a + 4. What is the remainder when 39 is divided by t(-2)?
15
Let g(j) = 50*j + 82. Let k be g(8). Suppose -484*b + k*b + 46 = 0. What is the remainder when -5*(-44)/(-10)*-2 is divided by b?
21
Suppose 44550*f = 44541*f + 20943. What is the remainder when f is divided by 63?
59
Suppose 4*q + 175 = p, -2*p + 3*p - 170 = 3*q. Calculate the remainder when p is divided by 5.
0
Calculate the remainder when 1315248/1980 + (-4)/15 is divided by 21.
13
Suppose 0*u = u - 4*o - 2730, 3*o = -4*u + 10977. What is the remainder when u is divided by 98?
96
Suppose 0 = 97*z - 23538 - 37463 + 6681. Calculate the remainder when 2245 is divided by z.
5
Let n be -1 - 49/(-7) - (2 + -1). Suppose 0 = n*i - 3*b - 26, i + 18 = 3*i - 5*b. Calculate the remainder when -3 + (140 - i) - 4 is divided by 33.
30
Calculate the remainder when 1937 is divided by 1*(6 + 1) + 5*(-364)/(-140).
17
Let d(y) = -2638*y - 10521. Suppose a - 4*o = 3*a - 68, -o = -a + 31. Calculate the remainder when d(-4) is divided by ((-9)/(-6))/(3/a).
15
Let m = 755 + -745. Let z = -10 - 33. Let q = 25 - z. What is the remainder when q is divided by m?
8
Suppose -7*s = -7 - 28. Suppose -s*i = 5, -2*k + 5*i + 44 = -11. Suppose 7*v - 9*v + 18 = 0. Calculate the remainder 